{"id":1460,"date":"2019-08-30T12:44:30","date_gmt":"2019-08-30T11:44:30","guid":{"rendered":"http:\/\/localhost\/dame-a-la-licorne\/?page_id=1460"},"modified":"2026-02-24T13:50:43","modified_gmt":"2026-02-24T12:50:43","slug":"nos-services","status":"publish","type":"page","link":"https:\/\/www.dame-a-la-licorne.com\/?page_id=1460","title":{"rendered":"Nos Services"},"content":{"rendered":"<h1>les services propos\u00e9s<\/h1>\n<h2>Depuis plusieurs ann\u00e9es, nous mettons \u00e0 disposition de tous publics plusieurs services comme :<\/h2>\n<ul>\n<li>la <a href=\"https:\/\/www.dame-a-la-licorne.com\/?page_id=1833\">location<\/a>\u00a0de costume<\/li>\n<li>les <a href=\"https:\/\/www.dame-a-la-licorne.com\/?page_id=31\">cr\u00e9ations<\/a><\/li>\n<li>les\u00a0<a href=\"https:\/\/www.dame-a-la-licorne.com\/?page_id=1918\">petits travaux de couture<\/a><\/li>\n<li>des\u00a0<a href=\"https:\/\/www.dame-a-la-licorne.com\/?page_id=2317\">ateliers de couture<\/a><\/li>\n<\/ul>\n<p>&nbsp;<\/p>\n<h2>La boutique solidaire<\/h2>\n<p>Depuis le 7 Octobre 2024 nous avons ouvert une boutique solidaire accueillant tout public.<\/p>\n<p style=\"text-align: center;\"><a href=\"https:\/\/www.dame-a-la-licorne.com\/?page_id=15\">Retrouvez plus d&rsquo;information la concernant en cliquant ici\u00a0<\/a><\/p>\n","protected":false},"excerpt":{"rendered":"<p>les services propos\u00e9s Depuis plusieurs ann\u00e9es, nous mettons \u00e0 disposition de tous publics plusieurs services comme : la location\u00a0de costume les cr\u00e9ations les\u00a0petits travaux de couture des\u00a0ateliers de couture &nbsp; La boutique solidaire Depuis le 7 Octobre 2024 nous avons ouvert une boutique solidaire accueillant tout public. Retrouvez plus d&rsquo;information la concernant en cliquant ici\u00a0<\/p>\n","protected":false},"author":1,"featured_media":0,"parent":0,"menu_order":9,"comment_status":"closed","ping_status":"closed","template":"","meta":{"footnotes":""},"class_list":["post-1460","page","type-page","status-publish","hentry"],"_links":{"self":[{"href":"https:\/\/www.dame-a-la-licorne.com\/index.php?rest_route=\/wp\/v2\/pages\/1460","targetHints":{"allow":["GET"]}}],"collection":[{"href":"https:\/\/www.dame-a-la-licorne.com\/index.php?rest_route=\/wp\/v2\/pages"}],"about":[{"href":"https:\/\/www.dame-a-la-licorne.com\/index.php?rest_route=\/wp\/v2\/types\/page"}],"author":[{"embeddable":true,"href":"https:\/\/www.dame-a-la-licorne.com\/index.php?rest_route=\/wp\/v2\/users\/1"}],"replies":[{"embeddable":true,"href":"https:\/\/www.dame-a-la-licorne.com\/index.php?rest_route=%2Fwp%2Fv2%2Fcomments&post=1460"}],"version-history":[{"count":8,"href":"https:\/\/www.dame-a-la-licorne.com\/index.php?rest_route=\/wp\/v2\/pages\/1460\/revisions"}],"predecessor-version":[{"id":2411,"href":"https:\/\/www.dame-a-la-licorne.com\/index.php?rest_route=\/wp\/v2\/pages\/1460\/revisions\/2411"}],"wp:attachment":[{"href":"https:\/\/www.dame-a-la-licorne.com\/index.php?rest_route=%2Fwp%2Fv2%2Fmedia&parent=1460"}],"curies":[{"name":"wp","href":"https:\/\/api.w.org\/{rel}","templated":true}]}}