{"id":1864,"date":"2019-09-16T15:15:01","date_gmt":"2019-09-16T14:15:01","guid":{"rendered":"http:\/\/localhost\/dame-a-la-licorne\/?page_id=1864"},"modified":"2022-12-11T21:57:50","modified_gmt":"2022-12-11T20:57:50","slug":"nos-ateliers","status":"publish","type":"page","link":"https:\/\/www.dame-a-la-licorne.com\/?page_id=1864","title":{"rendered":"Ateliers Cr\u00e9ations Loisirs"},"content":{"rendered":"\r\n<ul>\r\n \t<li><strong>\u00ab\u00a0Les Licorni\u00e8res\u00a0\u00bb<\/strong> : Atelier d\u2019\u00e9change de pratique autour de la Couture. Tous les mercredis de 9h15 \u00e0 11h45 \u00e0 la MPT de la Madeleine \u00e0 Chartres<\/li>\r\n<\/ul>\r\n&nbsp;\r\n<ul>\r\n \t<li>Couture, tricot, crochet, point de croix\u2026 Venez apprendre la technique pour r\u00e9aliser vous-m\u00eame vos cr\u00e9ations avec l\u2019atelier \u00ab\u00a0<strong>Aiguilles et Compagnie\u00a0\u00bb<\/strong>. Tous les jeudis de 14h00 \u00e0 16h30 \u00e0 la MPT de la Madeleine \u00e0 Chartres<\/li>\r\n<\/ul>\r\n\r\n\r\n&nbsp;\r\n<ul>\r\n \t<li>Vous habitez le quartier des Clos \u00e0 Chartres , envie de coudre tout en \u00e9changeant avec ses voisins-voisines. L&rsquo;atelier \u00ab\u00a0<strong>Couture aux Clos<\/strong>\u00a0\u00bb les jeudis de 14h \u00e0 16h vous attend \u00e0 la salle Interg\u00e9n\u00e9rationnelle situ\u00e9e rue Gareix \u00e0 Chartres<\/li>\r\n<\/ul>\r\n\r\n\r\n&nbsp;\r\n<ul class=\"wp-block-list\">\r\n \t<li>Depuis le mois de novembre 2022, des ateliers \u00ab\u00a0<strong>Cours de Couture<\/strong>\u00a0\u00bb de 2h30 sont ouverts en centre ville de Chartres et dans les quartiers de Rech\u00e8vres, du Pont-Neuf et de Saint Ch\u00e9ron.<\/li>\r\n<\/ul>\r\n<!-- \/wp:html --><!-- wp:post-content --><!-- wp:paragraph -->\r\n\r\nLa Dame \u00e0 la Licorne vous propose les ateliers suivants ouverts en dehors des vacances scolaires:\r\n\r\n<!-- \/wp:paragraph -->\r\n\r\n<!-- wp:html -->\r\n<ul>\r\n \t<li><strong>\u00ab\u00a0Les Licorni\u00e8res\u00a0\u00bb<\/strong> : Atelier d\u2019\u00e9change de pratique autour de la Couture. Tous les mercredis de 9h15 \u00e0 11h45 \u00e0 la MPT de la Madeleine \u00e0 Chartres<\/li>\r\n<\/ul>\r\n&nbsp;\r\n<ul>\r\n \t<li>Couture, tricot, crochet, point de croix\u2026 Venez apprendre la technique pour r\u00e9aliser vous-m\u00eame vos cr\u00e9ations avec l\u2019atelier \u00ab\u00a0<strong>Aiguilles et Compagnie\u00a0\u00bb<\/strong>. Tous les jeudis de 14h00 \u00e0 16h30 \u00e0 la MPT de la Madeleine \u00e0 Chartres<\/li>\r\n<\/ul>\r\n<!-- wp:html -->\r\n\r\n&nbsp;\r\n<ul>\r\n \t<li>Vous habitez le quartier des Clos \u00e0 Chartres , envie de coudre tout en \u00e9changeant avec ses voisins-voisines. L&rsquo;atelier \u00ab\u00a0<strong>Couture aux Clos<\/strong>\u00a0\u00bb les jeudis de 14h \u00e0 16h vous attend \u00e0 la salle Interg\u00e9n\u00e9rationnelle situ\u00e9e rue Gareix \u00e0 Chartres<\/li>\r\n<\/ul>\r\n<!-- wp:list -->\r\n\r\n&nbsp;\r\n<ul>\r\n \t<li>Depuis le mois de novembre 2022, des ateliers \u00ab\u00a0<strong>Cours de Couture<\/strong>\u00a0\u00bb de 2h30 sont ouverts en centre ville de Chartres et dans les quartiers de Rech\u00e8vres, du Pont-Neuf et de Saint Ch\u00e9ron.<\/li>\r\n<\/ul>\r\n<!-- \/wp:list --><!-- \/wp:post-content -->","protected":false},"excerpt":{"rendered":"<p>La Dame \u00e0 la Licorne vous propose les ateliers suivants ouverts en dehors des vacances scolaires: \u00ab\u00a0Les Licorni\u00e8res\u00a0\u00bb : Atelier d\u2019\u00e9change de pratique autour de la Couture. Tous les mercredis de 9h15 \u00e0 11h45 \u00e0 la MPT de la Madeleine \u00e0 Chartres &nbsp; Couture, tricot, crochet, point de croix\u2026 Venez apprendre la technique pour r\u00e9aliser [&#038;hellip<\/p>\n","protected":false},"author":1,"featured_media":0,"parent":1460,"menu_order":4,"comment_status":"closed","ping_status":"closed","template":"template-fullwidth.php","meta":{"footnotes":""},"class_list":["post-1864","page","type-page","status-publish","hentry"],"_links":{"self":[{"href":"https:\/\/www.dame-a-la-licorne.com\/index.php?rest_route=\/wp\/v2\/pages\/1864","targetHints":{"allow":["GET"]}}],"collection":[{"href":"https:\/\/www.dame-a-la-licorne.com\/index.php?rest_route=\/wp\/v2\/pages"}],"about":[{"href":"https:\/\/www.dame-a-la-licorne.com\/index.php?rest_route=\/wp\/v2\/types\/page"}],"author":[{"embeddable":true,"href":"https:\/\/www.dame-a-la-licorne.com\/index.php?rest_route=\/wp\/v2\/users\/1"}],"replies":[{"embeddable":true,"href":"https:\/\/www.dame-a-la-licorne.com\/index.php?rest_route=%2Fwp%2Fv2%2Fcomments&post=1864"}],"version-history":[{"count":10,"href":"https:\/\/www.dame-a-la-licorne.com\/index.php?rest_route=\/wp\/v2\/pages\/1864\/revisions"}],"predecessor-version":[{"id":2201,"href":"https:\/\/www.dame-a-la-licorne.com\/index.php?rest_route=\/wp\/v2\/pages\/1864\/revisions\/2201"}],"up":[{"embeddable":true,"href":"https:\/\/www.dame-a-la-licorne.com\/index.php?rest_route=\/wp\/v2\/pages\/1460"}],"wp:attachment":[{"href":"https:\/\/www.dame-a-la-licorne.com\/index.php?rest_route=%2Fwp%2Fv2%2Fmedia&parent=1864"}],"curies":[{"name":"wp","href":"https:\/\/api.w.org\/{rel}","templated":true}]}}

Ateliers Créations Loisirs

<ul>
 	<li><strong>« Les Licornières »</strong> : Atelier d’échange de pratique autour de la Couture. Tous les mercredis de 9h15 à 11h45 à la MPT de la Madeleine à Chartres</li>
</ul>
&nbsp;
<ul>
 	<li>Couture, tricot, crochet, point de croix… Venez apprendre la technique pour réaliser vous-même vos créations avec l’atelier « <strong>Aiguilles et Compagnie »</strong>. Tous les jeudis de 14h00 à 16h30 à la MPT de la Madeleine à Chartres</li>
</ul>


&nbsp;
<ul>
 	<li>Vous habitez le quartier des Clos à Chartres , envie de coudre tout en échangeant avec ses voisins-voisines. L&rsquo;atelier « <strong>Couture aux Clos</strong> » les jeudis de 14h à 16h vous attend à la salle Intergénérationnelle située rue Gareix à Chartres</li>
</ul>


&nbsp;
<ul class="wp-block-list">
 	<li>Depuis le mois de novembre 2022, des ateliers « <strong>Cours de Couture</strong> » de 2h30 sont ouverts en centre ville de Chartres et dans les quartiers de Rechèvres, du Pont-Neuf et de Saint Chéron.</li>
</ul>
<!-- /wp:html --><!-- wp:post-content --><!-- wp:paragraph -->

La Dame à la Licorne vous propose les ateliers suivants ouverts en dehors des vacances scolaires:

<!-- /wp:paragraph -->

<!-- wp:html -->
<ul>
 	<li><strong>« Les Licornières »</strong> : Atelier d’échange de pratique autour de la Couture. Tous les mercredis de 9h15 à 11h45 à la MPT de la Madeleine à Chartres</li>
</ul>
&nbsp;
<ul>
 	<li>Couture, tricot, crochet, point de croix… Venez apprendre la technique pour réaliser vous-même vos créations avec l’atelier « <strong>Aiguilles et Compagnie »</strong>. Tous les jeudis de 14h00 à 16h30 à la MPT de la Madeleine à Chartres</li>
</ul>
<!-- wp:html -->

&nbsp;
<ul>
 	<li>Vous habitez le quartier des Clos à Chartres , envie de coudre tout en échangeant avec ses voisins-voisines. L&rsquo;atelier « <strong>Couture aux Clos</strong> » les jeudis de 14h à 16h vous attend à la salle Intergénérationnelle située rue Gareix à Chartres</li>
</ul>
<!-- wp:list -->

&nbsp;
<ul>
 	<li>Depuis le mois de novembre 2022, des ateliers « <strong>Cours de Couture</strong> » de 2h30 sont ouverts en centre ville de Chartres et dans les quartiers de Rechèvres, du Pont-Neuf et de Saint Chéron.</li>
</ul>
<!-- /wp:list --><!-- /wp:post-content -->

<p>La Dame à la Licorne vous propose les ateliers suivants ouverts en dehors des vacances scolaires: « Les Licornières » : Atelier d’échange de pratique autour de la Couture. Tous les mercredis de 9h15 à 11h45 à la MPT de la Madeleine à Chartres &nbsp; Couture, tricot, crochet, point de croix… Venez apprendre la technique pour réaliser [&#038;hellip</p>
