{"id":43,"date":"2012-12-06T21:31:40","date_gmt":"2012-12-06T20:31:40","guid":{"rendered":"http:\/\/www2.dame-a-la-licorne.com\/galerie-de-photos\/creations\/"},"modified":"2026-02-24T13:50:59","modified_gmt":"2026-02-24T12:50:59","slug":"creations","status":"publish","type":"page","link":"https:\/\/www.dame-a-la-licorne.com\/?page_id=43","title":{"rendered":"R\u00e9alisations de costumes et accessoires"},"content":{"rendered":"<div id=\"gallery-1\" class=\"gallery galleryid-1 default columns_4 gallery-columns-4  gallery-size-thumbnail \">\n<dl class=\"gallery-item gallery-startcol\">\n\t<dt class=\"gallery-icon\"><a href=\"https:\/\/www.dame-a-la-licorne.com\/wp-content\/uploads\/2012\/12\/DSC02679.jpg\" title=\"Sac\">\t\t\t<img loading=\"lazy\" decoding=\"async\" src=\"https:\/\/www.dame-a-la-licorne.com\/wp-content\/uploads\/2012\/12\/DSC02679-100x150.jpg\" width=\"100\" height=\"150\" title=\"Sac\" class=\"attachment-thumbnail\" alt=\"Sac\" \/><\/a>\t<\/dt>\n\t\t<dd class=\"wp-caption-text gallery-caption\">\n\t\taumoni\u00e8re en tissus rouge\t<\/dd><\/dl>\n<dl class=\"gallery-item\">\n\t<dt class=\"gallery-icon\"><a href=\"https:\/\/www.dame-a-la-licorne.com\/wp-content\/uploads\/2012\/12\/DSC02678.jpg\" title=\"SONY DSC\">\t\t\t<img loading=\"lazy\" decoding=\"async\" src=\"https:\/\/www.dame-a-la-licorne.com\/wp-content\/uploads\/2012\/12\/DSC02678-100x150.jpg\" width=\"100\" height=\"150\" title=\"SONY DSC\" class=\"attachment-thumbnail\" alt=\"SONY DSC\" \/><\/a>\t<\/dt>\n\t\t<dd class=\"wp-caption-text gallery-caption\">\n\t\taumoni\u00e8re en tissus rouge\t<\/dd><\/dl>\n<dl class=\"gallery-item\">\n\t<dt class=\"gallery-icon\"><a href=\"https:\/\/www.dame-a-la-licorne.com\/wp-content\/uploads\/2012\/12\/DSC02672.jpg\" title=\"SONY DSC\">\t\t\t<img loading=\"lazy\" decoding=\"async\" src=\"https:\/\/www.dame-a-la-licorne.com\/wp-content\/uploads\/2012\/12\/DSC02672-150x99.jpg\" width=\"150\" height=\"99\" title=\"SONY DSC\" class=\"attachment-thumbnail\" alt=\"SONY DSC\" \/><\/a>\t<\/dt>\n\t\t<dd class=\"wp-caption-text gallery-caption\">\n\t\tcustomisation d'un costume\t<\/dd><\/dl>\n<dl class=\"gallery-item gallery-endcol\">\n\t<dt class=\"gallery-icon\"><a href=\"https:\/\/www.dame-a-la-licorne.com\/wp-content\/uploads\/2012\/12\/DSC02667.jpg\" title=\"SONY DSC\">\t\t\t<img loading=\"lazy\" decoding=\"async\" src=\"https:\/\/www.dame-a-la-licorne.com\/wp-content\/uploads\/2012\/12\/DSC02667-103x150.jpg\" width=\"103\" height=\"150\" title=\"SONY DSC\" class=\"attachment-thumbnail\" alt=\"SONY DSC\" \/><\/a>\t<\/dt>\n\t\t<dd class=\"wp-caption-text gallery-caption\">\n\t\tcustomisation d'un costume\t<\/dd><\/dl>\n\n<br class='clear' \/>\n<dl class=\"gallery-item gallery-startcol\">\n\t<dt class=\"gallery-icon\"><a href=\"https:\/\/www.dame-a-la-licorne.com\/wp-content\/uploads\/2012\/12\/DSC02658.jpg\" title=\"SONY DSC\">\t\t\t<img loading=\"lazy\" decoding=\"async\" src=\"https:\/\/www.dame-a-la-licorne.com\/wp-content\/uploads\/2012\/12\/DSC02658-113x150.jpg\" width=\"113\" height=\"150\" title=\"SONY DSC\" class=\"attachment-thumbnail\" alt=\"SONY DSC\" \/><\/a>\t<\/dt>\n\t\t<dd class=\"wp-caption-text gallery-caption\">\n\t\tRobe de blanche neige\t<\/dd><\/dl>\n<dl class=\"gallery-item\">\n\t<dt class=\"gallery-icon\"><a href=\"https:\/\/www.dame-a-la-licorne.com\/wp-content\/uploads\/2012\/12\/DSC-1186.jpg\" title=\"DSC-1186\">\t\t\t<img loading=\"lazy\" decoding=\"async\" src=\"https:\/\/www.dame-a-la-licorne.com\/wp-content\/uploads\/2012\/12\/DSC-1186-100x150.jpg\" width=\"100\" height=\"150\" title=\"DSC-1186\" class=\"attachment-thumbnail\" alt=\"DSC-1186\" \/><\/a>\t<\/dt>\n\t\t<dd class=\"wp-caption-text gallery-caption\">\n\t\tcostume enfant servante XIX\t<\/dd><\/dl>\n<dl class=\"gallery-item\">\n\t<dt class=\"gallery-icon\"><a href=\"https:\/\/www.dame-a-la-licorne.com\/wp-content\/uploads\/2012\/12\/DSC-1103.jpg\" title=\"DSC-1103\">\t\t\t<img loading=\"lazy\" decoding=\"async\" src=\"https:\/\/www.dame-a-la-licorne.com\/wp-content\/uploads\/2012\/12\/DSC-1103-100x150.jpg\" width=\"100\" height=\"150\" title=\"DSC-1103\" class=\"attachment-thumbnail\" alt=\"DSC-1103\" \/><\/a>\t<\/dt>\n\t\t<dd class=\"wp-caption-text gallery-caption\">\n\t\thauppelande p\u00e9riode XIV\t<\/dd><\/dl>\n<dl class=\"gallery-item gallery-endcol\">\n\t<dt class=\"gallery-icon\"><a href=\"https:\/\/www.dame-a-la-licorne.com\/wp-content\/uploads\/2012\/12\/DSC-1018.jpg\" title=\"DSC-1018\">\t\t\t<img loading=\"lazy\" decoding=\"async\" src=\"https:\/\/www.dame-a-la-licorne.com\/wp-content\/uploads\/2012\/12\/DSC-1018-150x99.jpg\" width=\"150\" height=\"99\" title=\"DSC-1018\" class=\"attachment-thumbnail\" alt=\"DSC-1018\" \/><\/a>\t<\/dt>\n\t\t<dd class=\"wp-caption-text gallery-caption\">\n\t\tFibule et bijoux\t<\/dd><\/dl>\n\n<br class='clear' \/>\n<dl class=\"gallery-item gallery-startcol\">\n\t<dt class=\"gallery-icon\"><a href=\"https:\/\/www.dame-a-la-licorne.com\/wp-content\/uploads\/2012\/12\/DSC-1007.jpg\" title=\"DSC-1007\">\t\t\t<img loading=\"lazy\" decoding=\"async\" src=\"https:\/\/www.dame-a-la-licorne.com\/wp-content\/uploads\/2012\/12\/DSC-1007-150x99.jpg\" width=\"150\" height=\"99\" title=\"DSC-1007\" class=\"attachment-thumbnail\" alt=\"DSC-1007\" \/><\/a>\t<\/dt>\n\t\t<dd class=\"wp-caption-text gallery-caption\">\n\t\tbijoux bracelet et fibule\t<\/dd><\/dl>\n<dl class=\"gallery-item\">\n\t<dt class=\"gallery-icon\"><a href=\"https:\/\/www.dame-a-la-licorne.com\/wp-content\/uploads\/2012\/12\/DSC-0984.jpg\" title=\"DSC-0984\">\t\t\t<img loading=\"lazy\" decoding=\"async\" src=\"https:\/\/www.dame-a-la-licorne.com\/wp-content\/uploads\/2012\/12\/DSC-0984-150x99.jpg\" width=\"150\" height=\"99\" title=\"DSC-0984\" class=\"attachment-thumbnail\" alt=\"DSC-0984\" \/><\/a>\t<\/dt>\n\t\t<dd class=\"wp-caption-text gallery-caption\">\n\t\tbracelet p\u00e9riode premier empire\t<\/dd><\/dl>\n<dl class=\"gallery-item\">\n\t<dt class=\"gallery-icon\"><a href=\"https:\/\/www.dame-a-la-licorne.com\/wp-content\/uploads\/2012\/12\/S7306479.jpg\" title=\"<Samsung D70 \/ D75 \/ S730 \/ S750>\">\t\t\t<img loading=\"lazy\" decoding=\"async\" src=\"https:\/\/www.dame-a-la-licorne.com\/wp-content\/uploads\/2012\/12\/S7306479-112x150.jpg\" width=\"112\" height=\"150\" title=\"<Samsung D70 \/ D75 \/ S730 \/ S750>\" class=\"attachment-thumbnail\" alt=\"<Samsung D70 \/ D75 \/ S730 \/ S750>\" \/><\/a>\t<\/dt>\n\t\t<dd class=\"wp-caption-text gallery-caption\">\n\t\tcostume d'un poilu 14-18\t<\/dd><\/dl>\n<dl class=\"gallery-item gallery-endcol\">\n\t<dt class=\"gallery-icon\"><a href=\"https:\/\/www.dame-a-la-licorne.com\/wp-content\/uploads\/2012\/12\/S73064732.jpg\" title=\"<Samsung D70 \/ D75 \/ S730 \/ S750>\">\t\t\t<img loading=\"lazy\" decoding=\"async\" src=\"https:\/\/www.dame-a-la-licorne.com\/wp-content\/uploads\/2012\/12\/S73064732-112x150.jpg\" width=\"112\" height=\"150\" title=\"<Samsung D70 \/ D75 \/ S730 \/ S750>\" class=\"attachment-thumbnail\" alt=\"<Samsung D70 \/ D75 \/ S730 \/ S750>\" \/><\/a>\t<\/dt>\n\t\t<dd class=\"wp-caption-text gallery-caption\">\n\t\tcr\u00e9ation pour c\u00e9r\u00e9monie de mariage\t<\/dd><\/dl>\n\n<br class='clear' \/>\n<dl class=\"gallery-item gallery-startcol\">\n\t<dt class=\"gallery-icon\"><a href=\"https:\/\/www.dame-a-la-licorne.com\/wp-content\/uploads\/2012\/12\/S7306495.jpg\" title=\"<Samsung D70 \/ D75 \/ S730 \/ S750>\">\t\t\t<img loading=\"lazy\" decoding=\"async\" src=\"https:\/\/www.dame-a-la-licorne.com\/wp-content\/uploads\/2012\/12\/S7306495-112x150.jpg\" width=\"112\" height=\"150\" title=\"<Samsung D70 \/ D75 \/ S730 \/ S750>\" class=\"attachment-thumbnail\" alt=\"<Samsung D70 \/ D75 \/ S730 \/ S750>\" \/><\/a>\t<\/dt>\n\t\t<dd class=\"wp-caption-text gallery-caption\">\n\t\tveste de Sudiste 1861-1865\t<\/dd><\/dl>\n<dl class=\"gallery-item\">\n\t<dt class=\"gallery-icon\"><a href=\"https:\/\/www.dame-a-la-licorne.com\/wp-content\/uploads\/2012\/12\/P10403981.jpg\" title=\"P1040398\">\t\t\t<img loading=\"lazy\" decoding=\"async\" src=\"https:\/\/www.dame-a-la-licorne.com\/wp-content\/uploads\/2012\/12\/P10403981-79x150.jpg\" width=\"79\" height=\"150\" title=\"P1040398\" class=\"attachment-thumbnail\" alt=\"P1040398\" \/><\/a>\t<\/dt>\n\t\t<dd class=\"wp-caption-text gallery-caption\">\n\t\tcr\u00e9ation pour danse orientale\t<\/dd><\/dl>\n<dl class=\"gallery-item\">\n\t<dt class=\"gallery-icon\"><a href=\"https:\/\/www.dame-a-la-licorne.com\/wp-content\/uploads\/2012\/12\/P10404101.jpg\" title=\"P1040410\">\t\t\t<img loading=\"lazy\" decoding=\"async\" src=\"https:\/\/www.dame-a-la-licorne.com\/wp-content\/uploads\/2012\/12\/P10404101-88x150.jpg\" width=\"88\" height=\"150\" title=\"P1040410\" class=\"attachment-thumbnail\" alt=\"P1040410\" \/><\/a>\t<\/dt>\n\t\t<dd class=\"wp-caption-text gallery-caption\">\n\t\tcr\u00e9ation pour danse oriental\t<\/dd><\/dl>\n<dl class=\"gallery-item gallery-endcol\">\n\t<dt class=\"gallery-icon\"><a href=\"https:\/\/www.dame-a-la-licorne.com\/wp-content\/uploads\/2012\/12\/P1040597.jpg\" title=\"P1040597\">\t\t\t<img loading=\"lazy\" decoding=\"async\" src=\"https:\/\/www.dame-a-la-licorne.com\/wp-content\/uploads\/2012\/12\/P1040597-89x150.jpg\" width=\"89\" height=\"150\" title=\"P1040597\" class=\"attachment-thumbnail\" alt=\"P1040597\" \/><\/a>\t<\/dt>\n\t\t<dd class=\"wp-caption-text gallery-caption\">\n\t\tRobe \u00e0 crev\u00e9es XVII avec une Fraise pliss\u00e9 th\u00e8me carnaval de venise\t<\/dd><\/dl>\n\n<br class='clear' \/>\n<dl class=\"gallery-item gallery-startcol\">\n\t<dt class=\"gallery-icon\"><a href=\"https:\/\/www.dame-a-la-licorne.com\/wp-content\/uploads\/2012\/12\/P1040602.jpg\" title=\"P1040602\">\t\t\t<img loading=\"lazy\" decoding=\"async\" src=\"https:\/\/www.dame-a-la-licorne.com\/wp-content\/uploads\/2012\/12\/P1040602-112x150.jpg\" width=\"112\" height=\"150\" title=\"P1040602\" class=\"attachment-thumbnail\" alt=\"P1040602\" \/><\/a>\t<\/dt>\n\t\t<dd class=\"wp-caption-text gallery-caption\">\n\t\tRobe \u00e0 crev\u00e9es XVII avec une Fraise pliss\u00e9 th\u00e8me carnaval de venise\t<\/dd><\/dl>\n<dl class=\"gallery-item\">\n\t<dt class=\"gallery-icon\"><a href=\"https:\/\/www.dame-a-la-licorne.com\/wp-content\/uploads\/2012\/12\/Robe-restaur\u00e9e-3.jpg\" title=\"Robe restaur\u00e9e\">\t\t\t<img loading=\"lazy\" decoding=\"async\" src=\"https:\/\/www.dame-a-la-licorne.com\/wp-content\/uploads\/2012\/12\/Robe-restaur\u00e9e-3-112x150.jpg\" width=\"112\" height=\"150\" title=\"Robe restaur\u00e9e\" class=\"attachment-thumbnail\" alt=\"Robe restaur\u00e9e\" \/><\/a>\t<\/dt>\n\t\t<dd class=\"wp-caption-text gallery-caption\">\n\t\tRobe exposition f\u00e9erie blanche\t<\/dd><\/dl>\n\n\n<\/div>\n","protected":false},"excerpt":{"rendered":"","protected":false},"author":1,"featured_media":0,"parent":0,"menu_order":3,"comment_status":"closed","ping_status":"open","template":"template-fullwidth.php","meta":{"footnotes":""},"class_list":["post-43","page","type-page","status-publish","hentry"],"_links":{"self":[{"href":"https:\/\/www.dame-a-la-licorne.com\/index.php?rest_route=\/wp\/v2\/pages\/43","targetHints":{"allow":["GET"]}}],"collection":[{"href":"https:\/\/www.dame-a-la-licorne.com\/index.php?rest_route=\/wp\/v2\/pages"}],"about":[{"href":"https:\/\/www.dame-a-la-licorne.com\/index.php?rest_route=\/wp\/v2\/types\/page"}],"author":[{"embeddable":true,"href":"https:\/\/www.dame-a-la-licorne.com\/index.php?rest_route=\/wp\/v2\/users\/1"}],"replies":[{"embeddable":true,"href":"https:\/\/www.dame-a-la-licorne.com\/index.php?rest_route=%2Fwp%2Fv2%2Fcomments&post=43"}],"version-history":[{"count":20,"href":"https:\/\/www.dame-a-la-licorne.com\/index.php?rest_route=\/wp\/v2\/pages\/43\/revisions"}],"predecessor-version":[{"id":2412,"href":"https:\/\/www.dame-a-la-licorne.com\/index.php?rest_route=\/wp\/v2\/pages\/43\/revisions\/2412"}],"wp:attachment":[{"href":"https:\/\/www.dame-a-la-licorne.com\/index.php?rest_route=%2Fwp%2Fv2%2Fmedia&parent=43"}],"curies":[{"name":"wp","href":"https:\/\/api.w.org\/{rel}","templated":true}]}}